{"id":204,"date":"2024-05-03T09:27:12","date_gmt":"2024-05-03T07:27:12","guid":{"rendered":"https:\/\/www.petako.cz\/?page_id=204"},"modified":"2024-05-07T19:22:44","modified_gmt":"2024-05-07T17:22:44","slug":"kuchynska-linka-matne-seda-s-dubem-sonoma","status":"publish","type":"page","link":"https:\/\/www.petako.cz\/index.php\/kuchynska-linka-matne-seda-s-dubem-sonoma\/","title":{"rendered":"Kuchy\u0148sk\u00e1 linka matn\u011b \u0161ed\u00e1 s dubem sonoma"},"content":{"rendered":"\n<p>Modern\u00ed kuchy\u0148sk\u00e1 linka s dv\u00ed\u0159ky materi\u00e1lu MDF st\u0159\u00edkan\u00e9 matn\u011b \u0161ed\u00fdm lakem v kombinaci s dubem sonoma na pracovn\u00ed a z\u00e1dov\u00e9 desce. Pro \u010dist\u00fd neru\u0161en\u00fd design bez viditeln\u00fdch \u00fachytek jsou \u00fachyty fr\u00e9zovan\u00e9 a pou\u017eity plnov\u00fdsuvn\u00e9 z\u00e1suvky se syst\u00e9mem Evobox s dotahem a u horn\u00edch sk\u0159\u00edn\u011bk otv\u00edr\u00e1n\u00ed Aventos HF a otv\u00edr\u00e1n\u00ed pushup.<br>Sou\u010d\u00e1st\u00ed zad\u00e1n\u00ed \u0159e\u0161en\u00ed kuchy\u0148sk\u00e9 linky bylo zajisti funk\u010dnost vyt\u00e1p\u011bn\u00ed radi\u00e1toru um\u00edst\u011bn\u00e9ho pod oknem. Aby nebylo nutn\u00e9 kuchy\u0148skou linku rozd\u011blit. Zapracovali jsme m\u0159\u00ed\u017eky do soklu a pracovn\u00ed desky pro proud\u011bn\u00ed vzduchu k a od radi\u00e1toru. Z d\u016fvodu \u010distoty \u0159e\u0161en\u00ed je parapet okna \u0159e\u0161en ze stejn\u00e9ho materi\u00e1lu jako sou\u010d\u00e1st linky. Vestav\u011bn\u00e9 spot\u0159ebi\u010de a kvalitn\u00ed digesto\u0159. Foto t\u011bsn\u011b p\u0159ed dokon\u010den\u00edm mont\u00e1\u017ee spot\u0159ebi\u010d\u016f, elektro a vodoinstalace.<\/p>\n\n\n\n<div style=\"height:20px\" aria-hidden=\"true\" class=\"wp-block-spacer\"><\/div>\n\n\n\n<figure class=\"wp-block-gallery has-nested-images columns-default is-cropped wp-block-gallery-1 is-layout-flex wp-block-gallery-is-layout-flex\">\n<figure class=\"wp-block-image size-large\"><a href=\"https:\/\/www.petako.cz\/wp-content\/uploads\/2024\/05\/1.jpg\" target=\"_blank\" rel=\"noopener\"><img loading=\"lazy\" decoding=\"async\" width=\"809\" height=\"1024\" data-id=\"206\" src=\"https:\/\/www.petako.cz\/wp-content\/uploads\/2024\/05\/1-809x1024.jpg\" alt=\"\" class=\"wp-image-206\" srcset=\"https:\/\/www.petako.cz\/wp-content\/uploads\/2024\/05\/1-809x1024.jpg 809w, https:\/\/www.petako.cz\/wp-content\/uploads\/2024\/05\/1-237x300.jpg 237w, https:\/\/www.petako.cz\/wp-content\/uploads\/2024\/05\/1-768x972.jpg 768w, https:\/\/www.petako.cz\/wp-content\/uploads\/2024\/05\/1.jpg 1043w\" sizes=\"auto, (max-width: 809px) 100vw, 809px\" \/><\/a><\/figure>\n\n\n\n<figure class=\"wp-block-image size-large\"><a href=\"https:\/\/www.petako.cz\/wp-content\/uploads\/2024\/05\/2.jpg\" target=\"_blank\" rel=\"noopener\"><img loading=\"lazy\" decoding=\"async\" width=\"787\" height=\"1024\" data-id=\"207\" src=\"https:\/\/www.petako.cz\/wp-content\/uploads\/2024\/05\/2-787x1024.jpg\" alt=\"\" class=\"wp-image-207\" srcset=\"https:\/\/www.petako.cz\/wp-content\/uploads\/2024\/05\/2-787x1024.jpg 787w, https:\/\/www.petako.cz\/wp-content\/uploads\/2024\/05\/2-231x300.jpg 231w, https:\/\/www.petako.cz\/wp-content\/uploads\/2024\/05\/2-768x999.jpg 768w, https:\/\/www.petako.cz\/wp-content\/uploads\/2024\/05\/2.jpg 903w\" sizes=\"auto, (max-width: 787px) 100vw, 787px\" \/><\/a><\/figure>\n\n\n\n<figure class=\"wp-block-image size-large\"><a href=\"https:\/\/www.petako.cz\/wp-content\/uploads\/2024\/05\/3.jpg\" target=\"_blank\" rel=\"noopener\"><img loading=\"lazy\" decoding=\"async\" width=\"980\" height=\"1024\" data-id=\"205\" src=\"https:\/\/www.petako.cz\/wp-content\/uploads\/2024\/05\/3-980x1024.jpg\" alt=\"\" class=\"wp-image-205\" srcset=\"https:\/\/www.petako.cz\/wp-content\/uploads\/2024\/05\/3-980x1024.jpg 980w, https:\/\/www.petako.cz\/wp-content\/uploads\/2024\/05\/3-287x300.jpg 287w, https:\/\/www.petako.cz\/wp-content\/uploads\/2024\/05\/3-768x802.jpg 768w, https:\/\/www.petako.cz\/wp-content\/uploads\/2024\/05\/3.jpg 1260w\" sizes=\"auto, (max-width: 980px) 100vw, 980px\" \/><\/a><\/figure>\n<\/figure>\n\n\n\n<div style=\"height:30px\" aria-hidden=\"true\" class=\"wp-block-spacer\"><\/div>\n\n\n\n<p class=\"has-text-align-right\"><a href=\"https:\/\/www.petako.cz\/index.php\/kuchyne-kuchynske-linky-a-kouty-ultramoderni\/\">Zp\u011bt<\/a><\/p>\n","protected":false},"excerpt":{"rendered":"<p>Modern\u00ed kuchy\u0148sk\u00e1 linka s dv\u00ed\u0159ky materi\u00e1lu MDF st\u0159\u00edkan\u00e9 matn\u011b \u0161ed\u00fdm lakem v kombinaci s dubem sonoma na pracovn\u00ed a z\u00e1dov\u00e9 desce. Pro \u010dist\u00fd neru\u0161en\u00fd design bez viditeln\u00fdch \u00fachytek jsou \u00fachyty fr\u00e9zovan\u00e9 a pou\u017eity plnov\u00fdsuvn\u00e9 z\u00e1suvky se syst\u00e9mem Evobox s dotahem a u horn\u00edch sk\u0159\u00edn\u011bk otv\u00edr\u00e1n\u00ed Aventos HF a otv\u00edr\u00e1n\u00ed pushup.Sou\u010d\u00e1st\u00ed zad\u00e1n\u00ed \u0159e\u0161en\u00ed kuchy\u0148sk\u00e9 linky bylo &hellip;<br \/><a href=\"https:\/\/www.petako.cz\/index.php\/kuchynska-linka-matne-seda-s-dubem-sonoma\/\" class=\"more-link pen_button pen_element_default pen_icon_arrow_double\">Pokra\u010dovat ve\u00a0\u010dten\u00ed <span class=\"screen-reader-text\">Kuchy\u0148sk\u00e1 linka matn\u011b \u0161ed\u00e1 s dubem sonoma<\/span><\/a><\/p>\n","protected":false},"author":1,"featured_media":0,"parent":0,"menu_order":0,"comment_status":"closed","ping_status":"closed","template":"","meta":{"footnotes":""},"class_list":["post-204","page","type-page","status-publish","hentry"],"_links":{"self":[{"href":"https:\/\/www.petako.cz\/index.php\/wp-json\/wp\/v2\/pages\/204","targetHints":{"allow":["GET"]}}],"collection":[{"href":"https:\/\/www.petako.cz\/index.php\/wp-json\/wp\/v2\/pages"}],"about":[{"href":"https:\/\/www.petako.cz\/index.php\/wp-json\/wp\/v2\/types\/page"}],"author":[{"embeddable":true,"href":"https:\/\/www.petako.cz\/index.php\/wp-json\/wp\/v2\/users\/1"}],"replies":[{"embeddable":true,"href":"https:\/\/www.petako.cz\/index.php\/wp-json\/wp\/v2\/comments?post=204"}],"version-history":[{"count":3,"href":"https:\/\/www.petako.cz\/index.php\/wp-json\/wp\/v2\/pages\/204\/revisions"}],"predecessor-version":[{"id":573,"href":"https:\/\/www.petako.cz\/index.php\/wp-json\/wp\/v2\/pages\/204\/revisions\/573"}],"wp:attachment":[{"href":"https:\/\/www.petako.cz\/index.php\/wp-json\/wp\/v2\/media?parent=204"}],"curies":[{"name":"wp","href":"https:\/\/api.w.org\/{rel}","templated":true}]}}