{"id":267,"date":"2024-05-03T22:25:01","date_gmt":"2024-05-03T20:25:01","guid":{"rendered":"https:\/\/www.petako.cz\/?page_id=267"},"modified":"2024-05-07T19:39:41","modified_gmt":"2024-05-07T17:39:41","slug":"kuchynska-linka-orech-s-bezovou","status":"publish","type":"page","link":"https:\/\/www.petako.cz\/index.php\/kuchynska-linka-orech-s-bezovou\/","title":{"rendered":"Kuchy\u0148sk\u00e1 linka o\u0159ech s b\u00e9\u017eovou"},"content":{"rendered":"\n<p>Kuchy\u0148sk\u00e1 linka v kombinaci DTD lamino o\u0159ech a DTD b\u00e9\u017eov\u00e1 s hranami ABS, z\u00e1suvky Evobox plnov\u00fdsuv a dotahem, d\u0159ez Granit Sinks barva \u010dern\u00e1, z\u00e1dov\u00e1 deska DTD lamino o\u0159ech a b\u00e9\u017eov\u00e1 s d\u011bl\u00edc\u00ed hlin\u00edkovou li\u0161tou.<\/p>\n\n\n\n<div style=\"height:20px\" aria-hidden=\"true\" class=\"wp-block-spacer\"><\/div>\n\n\n\n<figure class=\"wp-block-gallery has-nested-images columns-default is-cropped wp-block-gallery-1 is-layout-flex wp-block-gallery-is-layout-flex\">\n<figure class=\"wp-block-image size-large\"><a href=\"https:\/\/www.petako.cz\/wp-content\/uploads\/2024\/05\/027-scaled.jpg\" target=\"_blank\" rel=\"noopener\"><img loading=\"lazy\" decoding=\"async\" width=\"1024\" height=\"730\" data-id=\"268\" src=\"https:\/\/www.petako.cz\/wp-content\/uploads\/2024\/05\/027-1024x730.jpg\" alt=\"\" class=\"wp-image-268\" srcset=\"https:\/\/www.petako.cz\/wp-content\/uploads\/2024\/05\/027-1024x730.jpg 1024w, https:\/\/www.petako.cz\/wp-content\/uploads\/2024\/05\/027-300x214.jpg 300w, https:\/\/www.petako.cz\/wp-content\/uploads\/2024\/05\/027-768x548.jpg 768w, https:\/\/www.petako.cz\/wp-content\/uploads\/2024\/05\/027-1536x1095.jpg 1536w, https:\/\/www.petako.cz\/wp-content\/uploads\/2024\/05\/027-2048x1460.jpg 2048w\" sizes=\"auto, (max-width: 1024px) 100vw, 1024px\" \/><\/a><\/figure>\n\n\n\n<figure class=\"wp-block-image size-large\"><a href=\"https:\/\/www.petako.cz\/wp-content\/uploads\/2024\/05\/025-scaled.jpg\" target=\"_blank\" rel=\"noopener\"><img loading=\"lazy\" decoding=\"async\" width=\"1024\" height=\"740\" data-id=\"269\" src=\"https:\/\/www.petako.cz\/wp-content\/uploads\/2024\/05\/025-1024x740.jpg\" alt=\"\" class=\"wp-image-269\" srcset=\"https:\/\/www.petako.cz\/wp-content\/uploads\/2024\/05\/025-1024x740.jpg 1024w, https:\/\/www.petako.cz\/wp-content\/uploads\/2024\/05\/025-300x217.jpg 300w, https:\/\/www.petako.cz\/wp-content\/uploads\/2024\/05\/025-768x555.jpg 768w, https:\/\/www.petako.cz\/wp-content\/uploads\/2024\/05\/025-1536x1109.jpg 1536w, https:\/\/www.petako.cz\/wp-content\/uploads\/2024\/05\/025-2048x1479.jpg 2048w\" sizes=\"auto, (max-width: 1024px) 100vw, 1024px\" \/><\/a><\/figure>\n<\/figure>\n\n\n\n<div style=\"height:30px\" aria-hidden=\"true\" class=\"wp-block-spacer\"><\/div>\n\n\n\n<p class=\"has-text-align-right\"><a href=\"https:\/\/www.petako.cz\/index.php\/kuchyne-kuchynske-linky-a-kouty-stylove\/\">Zp\u011bt<\/a><\/p>\n","protected":false},"excerpt":{"rendered":"<p>Kuchy\u0148sk\u00e1 linka v kombinaci DTD lamino o\u0159ech a DTD b\u00e9\u017eov\u00e1 s hranami ABS, z\u00e1suvky Evobox plnov\u00fdsuv a dotahem, d\u0159ez Granit Sinks barva \u010dern\u00e1, z\u00e1dov\u00e1 deska DTD lamino o\u0159ech a b\u00e9\u017eov\u00e1 s d\u011bl\u00edc\u00ed hlin\u00edkovou li\u0161tou. Zp\u011bt<\/p>\n","protected":false},"author":1,"featured_media":0,"parent":0,"menu_order":0,"comment_status":"closed","ping_status":"closed","template":"","meta":{"footnotes":""},"class_list":["post-267","page","type-page","status-publish","hentry"],"_links":{"self":[{"href":"https:\/\/www.petako.cz\/index.php\/wp-json\/wp\/v2\/pages\/267","targetHints":{"allow":["GET"]}}],"collection":[{"href":"https:\/\/www.petako.cz\/index.php\/wp-json\/wp\/v2\/pages"}],"about":[{"href":"https:\/\/www.petako.cz\/index.php\/wp-json\/wp\/v2\/types\/page"}],"author":[{"embeddable":true,"href":"https:\/\/www.petako.cz\/index.php\/wp-json\/wp\/v2\/users\/1"}],"replies":[{"embeddable":true,"href":"https:\/\/www.petako.cz\/index.php\/wp-json\/wp\/v2\/comments?post=267"}],"version-history":[{"count":2,"href":"https:\/\/www.petako.cz\/index.php\/wp-json\/wp\/v2\/pages\/267\/revisions"}],"predecessor-version":[{"id":585,"href":"https:\/\/www.petako.cz\/index.php\/wp-json\/wp\/v2\/pages\/267\/revisions\/585"}],"wp:attachment":[{"href":"https:\/\/www.petako.cz\/index.php\/wp-json\/wp\/v2\/media?parent=267"}],"curies":[{"name":"wp","href":"https:\/\/api.w.org\/{rel}","templated":true}]}}