{"id":298,"date":"2024-05-06T07:52:51","date_gmt":"2024-05-06T05:52:51","guid":{"rendered":"https:\/\/www.petako.cz\/?page_id=298"},"modified":"2024-05-07T19:40:39","modified_gmt":"2024-05-07T17:40:39","slug":"kuchynska-linka-v-panelovem-dome","status":"publish","type":"page","link":"https:\/\/www.petako.cz\/index.php\/kuchynska-linka-v-panelovem-dome\/","title":{"rendered":"Kuchy\u0148sk\u00e1 linka v panelov\u00e9m dom\u011b"},"content":{"rendered":"\n<p>V panelov\u00e9m dom\u011b je v\u017edy prostorov\u011b n\u00e1ro\u010dn\u00e9 um\u00edstit v\u0161echny po\u017eadovan\u00e9 spot\u0159ebi\u010de a je\u0161t\u011b z\u00edskat prostor pro p\u00e1ci p\u0159i ka\u017edodenn\u00ed p\u0159\u00edprav\u011b dobrot. I takto se to d\u00e1 uchopit. Materi\u00e1l korpusy DTD lamino bardolino p\u0159\u00edrodn\u00ed, hrany ABS, dv\u00ed\u0159ka MDF b\u00edl\u00e1 lesk, pracovn\u00ed a z\u00e1dov\u00e1 deska posforming 38mm s rovnou hranou, z\u00e1suvky Evobox s plnov\u00fdsuv s dotahem, horn\u00ed kov\u00e1n\u00ed Hettich, aventos se sklem a LED osv\u011btlen\u00ed.<\/p>\n\n\n\n<div style=\"height:20px\" aria-hidden=\"true\" class=\"wp-block-spacer\"><\/div>\n\n\n\n<figure class=\"wp-block-gallery has-nested-images columns-3 is-cropped wp-block-gallery-1 is-layout-flex wp-block-gallery-is-layout-flex\">\n<figure class=\"wp-block-image size-large\"><a href=\"https:\/\/www.petako.cz\/wp-content\/uploads\/2024\/05\/83.jpg\" target=\"_blank\" rel=\"noopener\"><img loading=\"lazy\" decoding=\"async\" width=\"1024\" height=\"681\" data-id=\"301\" src=\"https:\/\/www.petako.cz\/wp-content\/uploads\/2024\/05\/83-1024x681.jpg\" alt=\"\" class=\"wp-image-301\" srcset=\"https:\/\/www.petako.cz\/wp-content\/uploads\/2024\/05\/83-1024x681.jpg 1024w, https:\/\/www.petako.cz\/wp-content\/uploads\/2024\/05\/83-300x199.jpg 300w, https:\/\/www.petako.cz\/wp-content\/uploads\/2024\/05\/83-768x510.jpg 768w, https:\/\/www.petako.cz\/wp-content\/uploads\/2024\/05\/83.jpg 1500w\" sizes=\"auto, (max-width: 1024px) 100vw, 1024px\" \/><\/a><\/figure>\n\n\n\n<figure class=\"wp-block-image size-large\"><a href=\"https:\/\/www.petako.cz\/wp-content\/uploads\/2024\/05\/82.jpg\" target=\"_blank\" rel=\"noopener\"><img loading=\"lazy\" decoding=\"async\" width=\"681\" height=\"1024\" data-id=\"300\" src=\"https:\/\/www.petako.cz\/wp-content\/uploads\/2024\/05\/82-681x1024.jpg\" alt=\"\" class=\"wp-image-300\" srcset=\"https:\/\/www.petako.cz\/wp-content\/uploads\/2024\/05\/82-681x1024.jpg 681w, https:\/\/www.petako.cz\/wp-content\/uploads\/2024\/05\/82-199x300.jpg 199w, https:\/\/www.petako.cz\/wp-content\/uploads\/2024\/05\/82-768x1155.jpg 768w, https:\/\/www.petako.cz\/wp-content\/uploads\/2024\/05\/82.jpg 997w\" sizes=\"auto, (max-width: 681px) 100vw, 681px\" \/><\/a><\/figure>\n\n\n\n<figure class=\"wp-block-image size-large\"><a href=\"https:\/\/www.petako.cz\/wp-content\/uploads\/2024\/05\/84.jpg\" target=\"_blank\" rel=\"noopener\"><img loading=\"lazy\" decoding=\"async\" width=\"1024\" height=\"681\" data-id=\"299\" src=\"https:\/\/www.petako.cz\/wp-content\/uploads\/2024\/05\/84-1024x681.jpg\" alt=\"\" class=\"wp-image-299\" srcset=\"https:\/\/www.petako.cz\/wp-content\/uploads\/2024\/05\/84-1024x681.jpg 1024w, https:\/\/www.petako.cz\/wp-content\/uploads\/2024\/05\/84-300x199.jpg 300w, https:\/\/www.petako.cz\/wp-content\/uploads\/2024\/05\/84-768x510.jpg 768w, https:\/\/www.petako.cz\/wp-content\/uploads\/2024\/05\/84.jpg 1500w\" sizes=\"auto, (max-width: 1024px) 100vw, 1024px\" \/><\/a><\/figure>\n<\/figure>\n\n\n\n<div style=\"height:30px\" aria-hidden=\"true\" class=\"wp-block-spacer\"><\/div>\n\n\n\n<p class=\"has-text-align-right\"><a href=\"https:\/\/www.petako.cz\/index.php\/kuchyne-kuchynske-linky-a-kouty-stylove\/\">Zp\u011bt<\/a><\/p>\n","protected":false},"excerpt":{"rendered":"<p>V panelov\u00e9m dom\u011b je v\u017edy prostorov\u011b n\u00e1ro\u010dn\u00e9 um\u00edstit v\u0161echny po\u017eadovan\u00e9 spot\u0159ebi\u010de a je\u0161t\u011b z\u00edskat prostor pro p\u00e1ci p\u0159i ka\u017edodenn\u00ed p\u0159\u00edprav\u011b dobrot. I takto se to d\u00e1 uchopit. Materi\u00e1l korpusy DTD lamino bardolino p\u0159\u00edrodn\u00ed, hrany ABS, dv\u00ed\u0159ka MDF b\u00edl\u00e1 lesk, pracovn\u00ed a z\u00e1dov\u00e1 deska posforming 38mm s rovnou hranou, z\u00e1suvky Evobox s plnov\u00fdsuv s dotahem, horn\u00ed &hellip;<br \/><a href=\"https:\/\/www.petako.cz\/index.php\/kuchynska-linka-v-panelovem-dome\/\" class=\"more-link pen_button pen_element_default pen_icon_arrow_double\">Pokra\u010dovat ve\u00a0\u010dten\u00ed <span class=\"screen-reader-text\">Kuchy\u0148sk\u00e1 linka v panelov\u00e9m dom\u011b<\/span><\/a><\/p>\n","protected":false},"author":1,"featured_media":0,"parent":0,"menu_order":0,"comment_status":"closed","ping_status":"closed","template":"","meta":{"footnotes":""},"class_list":["post-298","page","type-page","status-publish","hentry"],"_links":{"self":[{"href":"https:\/\/www.petako.cz\/index.php\/wp-json\/wp\/v2\/pages\/298","targetHints":{"allow":["GET"]}}],"collection":[{"href":"https:\/\/www.petako.cz\/index.php\/wp-json\/wp\/v2\/pages"}],"about":[{"href":"https:\/\/www.petako.cz\/index.php\/wp-json\/wp\/v2\/types\/page"}],"author":[{"embeddable":true,"href":"https:\/\/www.petako.cz\/index.php\/wp-json\/wp\/v2\/users\/1"}],"replies":[{"embeddable":true,"href":"https:\/\/www.petako.cz\/index.php\/wp-json\/wp\/v2\/comments?post=298"}],"version-history":[{"count":2,"href":"https:\/\/www.petako.cz\/index.php\/wp-json\/wp\/v2\/pages\/298\/revisions"}],"predecessor-version":[{"id":586,"href":"https:\/\/www.petako.cz\/index.php\/wp-json\/wp\/v2\/pages\/298\/revisions\/586"}],"wp:attachment":[{"href":"https:\/\/www.petako.cz\/index.php\/wp-json\/wp\/v2\/media?parent=298"}],"curies":[{"name":"wp","href":"https:\/\/api.w.org\/{rel}","templated":true}]}}