{"id":305,"date":"2024-05-06T08:14:38","date_gmt":"2024-05-06T06:14:38","guid":{"rendered":"https:\/\/www.petako.cz\/?page_id=305"},"modified":"2024-05-07T19:37:06","modified_gmt":"2024-05-07T17:37:06","slug":"kuchynska-linka-v-panelovem-dome-rohova","status":"publish","type":"page","link":"https:\/\/www.petako.cz\/index.php\/kuchynska-linka-v-panelovem-dome-rohova\/","title":{"rendered":"Kuchy\u0148sk\u00e1 linka v panelov\u00e9m dom\u011b rohov\u00e1"},"content":{"rendered":"\n<p>Zaj\u00edmav\u011b \u0159e\u0161en\u00e1 kuchy\u0148sk\u00e1 linka v panelov\u00e9m dom\u011b s vestavn\u00fdmi spot\u0159ebi\u010di. Pracovn\u00ed deska posforming beton v\u010dtn\u011b z\u00e1dov\u00e9 desky s d\u0159ezem granit Sinks barva onyx. Horn\u00ed dv\u00ed\u0159ka folie Trachea sv\u011btl\u00fd dub a spodn\u00ed dv\u00ed\u0159ka MDF st\u0159ik mat barva fialov\u00e1.<\/p>\n\n\n\n<div style=\"height:20px\" aria-hidden=\"true\" class=\"wp-block-spacer\"><\/div>\n\n\n\n<figure class=\"wp-block-gallery has-nested-images columns-2 is-cropped wp-block-gallery-1 is-layout-flex wp-block-gallery-is-layout-flex\">\n<figure class=\"wp-block-image size-large\"><a href=\"https:\/\/www.petako.cz\/wp-content\/uploads\/2024\/05\/89.jpg\" target=\"_blank\" rel=\"noopener\"><img loading=\"lazy\" decoding=\"async\" width=\"1024\" height=\"700\" data-id=\"307\" src=\"https:\/\/www.petako.cz\/wp-content\/uploads\/2024\/05\/89-1024x700.jpg\" alt=\"\" class=\"wp-image-307\" srcset=\"https:\/\/www.petako.cz\/wp-content\/uploads\/2024\/05\/89-1024x700.jpg 1024w, https:\/\/www.petako.cz\/wp-content\/uploads\/2024\/05\/89-300x205.jpg 300w, https:\/\/www.petako.cz\/wp-content\/uploads\/2024\/05\/89-768x525.jpg 768w, https:\/\/www.petako.cz\/wp-content\/uploads\/2024\/05\/89.jpg 1500w\" sizes=\"auto, (max-width: 1024px) 100vw, 1024px\" \/><\/a><\/figure>\n\n\n\n<figure class=\"wp-block-image size-large\"><a href=\"https:\/\/www.petako.cz\/wp-content\/uploads\/2024\/05\/90.jpg\" target=\"_blank\" rel=\"noopener\"><img loading=\"lazy\" decoding=\"async\" width=\"1024\" height=\"911\" data-id=\"308\" src=\"https:\/\/www.petako.cz\/wp-content\/uploads\/2024\/05\/90-1024x911.jpg\" alt=\"\" class=\"wp-image-308\" srcset=\"https:\/\/www.petako.cz\/wp-content\/uploads\/2024\/05\/90-1024x911.jpg 1024w, https:\/\/www.petako.cz\/wp-content\/uploads\/2024\/05\/90-300x267.jpg 300w, https:\/\/www.petako.cz\/wp-content\/uploads\/2024\/05\/90-768x683.jpg 768w, https:\/\/www.petako.cz\/wp-content\/uploads\/2024\/05\/90.jpg 1500w\" sizes=\"auto, (max-width: 1024px) 100vw, 1024px\" \/><\/a><\/figure>\n\n\n\n<figure class=\"wp-block-image size-large\"><a href=\"https:\/\/www.petako.cz\/wp-content\/uploads\/2024\/05\/91.jpg\" target=\"_blank\" rel=\"noopener\"><img loading=\"lazy\" decoding=\"async\" width=\"1024\" height=\"819\" data-id=\"306\" src=\"https:\/\/www.petako.cz\/wp-content\/uploads\/2024\/05\/91-1024x819.jpg\" alt=\"\" class=\"wp-image-306\" srcset=\"https:\/\/www.petako.cz\/wp-content\/uploads\/2024\/05\/91-1024x819.jpg 1024w, https:\/\/www.petako.cz\/wp-content\/uploads\/2024\/05\/91-300x240.jpg 300w, https:\/\/www.petako.cz\/wp-content\/uploads\/2024\/05\/91-768x614.jpg 768w, https:\/\/www.petako.cz\/wp-content\/uploads\/2024\/05\/91.jpg 1500w\" sizes=\"auto, (max-width: 1024px) 100vw, 1024px\" \/><\/a><\/figure>\n<\/figure>\n\n\n\n<div style=\"height:30px\" aria-hidden=\"true\" class=\"wp-block-spacer\"><\/div>\n\n\n\n<p class=\"has-text-align-right\"><a href=\"https:\/\/www.petako.cz\/index.php\/kuchyne-kuchynske-linky-a-kouty-stylove\/\">Zp\u011bt<\/a><\/p>\n","protected":false},"excerpt":{"rendered":"<p>Zaj\u00edmav\u011b \u0159e\u0161en\u00e1 kuchy\u0148sk\u00e1 linka v panelov\u00e9m dom\u011b s vestavn\u00fdmi spot\u0159ebi\u010di. Pracovn\u00ed deska posforming beton v\u010dtn\u011b z\u00e1dov\u00e9 desky s d\u0159ezem granit Sinks barva onyx. Horn\u00ed dv\u00ed\u0159ka folie Trachea sv\u011btl\u00fd dub a spodn\u00ed dv\u00ed\u0159ka MDF st\u0159ik mat barva fialov\u00e1. Zp\u011bt<\/p>\n","protected":false},"author":1,"featured_media":0,"parent":0,"menu_order":0,"comment_status":"closed","ping_status":"closed","template":"","meta":{"footnotes":""},"class_list":["post-305","page","type-page","status-publish","hentry"],"_links":{"self":[{"href":"https:\/\/www.petako.cz\/index.php\/wp-json\/wp\/v2\/pages\/305","targetHints":{"allow":["GET"]}}],"collection":[{"href":"https:\/\/www.petako.cz\/index.php\/wp-json\/wp\/v2\/pages"}],"about":[{"href":"https:\/\/www.petako.cz\/index.php\/wp-json\/wp\/v2\/types\/page"}],"author":[{"embeddable":true,"href":"https:\/\/www.petako.cz\/index.php\/wp-json\/wp\/v2\/users\/1"}],"replies":[{"embeddable":true,"href":"https:\/\/www.petako.cz\/index.php\/wp-json\/wp\/v2\/comments?post=305"}],"version-history":[{"count":2,"href":"https:\/\/www.petako.cz\/index.php\/wp-json\/wp\/v2\/pages\/305\/revisions"}],"predecessor-version":[{"id":583,"href":"https:\/\/www.petako.cz\/index.php\/wp-json\/wp\/v2\/pages\/305\/revisions\/583"}],"wp:attachment":[{"href":"https:\/\/www.petako.cz\/index.php\/wp-json\/wp\/v2\/media?parent=305"}],"curies":[{"name":"wp","href":"https:\/\/api.w.org\/{rel}","templated":true}]}}