{"id":334,"date":"2024-05-06T09:20:26","date_gmt":"2024-05-06T07:20:26","guid":{"rendered":"https:\/\/www.petako.cz\/?page_id=334"},"modified":"2024-05-07T19:11:27","modified_gmt":"2024-05-07T17:11:27","slug":"stylova-kuchyne-s-masivnimi-dvirky-jasan","status":"publish","type":"page","link":"https:\/\/www.petako.cz\/index.php\/stylova-kuchyne-s-masivnimi-dvirky-jasan\/","title":{"rendered":"Stylov\u00e1 kuchyn\u011b s masivn\u00edmi dv\u00ed\u0159ky jasan"},"content":{"rendered":"\n<p>Stylov\u00e1 kuchyn\u011b s masivn\u00edmi dv\u00ed\u0159ky jasan p\u0159\u00edrodn\u00ed s ozdobn\u00fdmi \u0159\u00edmsami s bodovkami (LED) a mal\u00fdmi bukov\u00fdmi \u0161upl\u00ed\u010dky. Pou\u017eit\u00fd d\u0159ez styl granit b\u00e9\u017eov\u00e1 SINKS.<\/p>\n\n\n\n<div style=\"height:20px\" aria-hidden=\"true\" class=\"wp-block-spacer\"><\/div>\n\n\n\n<figure class=\"wp-block-gallery has-nested-images columns-default is-cropped wp-block-gallery-1 is-layout-flex wp-block-gallery-is-layout-flex\">\n<figure class=\"wp-block-image size-large\"><a href=\"https:\/\/www.petako.cz\/wp-content\/uploads\/2024\/05\/350.jpg\" target=\"_blank\" rel=\"noopener\"><img loading=\"lazy\" decoding=\"async\" width=\"616\" height=\"855\" data-id=\"335\" src=\"https:\/\/www.petako.cz\/wp-content\/uploads\/2024\/05\/350.jpg\" alt=\"\" class=\"wp-image-335\" srcset=\"https:\/\/www.petako.cz\/wp-content\/uploads\/2024\/05\/350.jpg 616w, https:\/\/www.petako.cz\/wp-content\/uploads\/2024\/05\/350-216x300.jpg 216w\" sizes=\"auto, (max-width: 616px) 100vw, 616px\" \/><\/a><\/figure>\n\n\n\n<figure class=\"wp-block-image size-large\"><a href=\"https:\/\/www.petako.cz\/wp-content\/uploads\/2024\/05\/348.jpg\" target=\"_blank\" rel=\"noopener\"><img loading=\"lazy\" decoding=\"async\" width=\"534\" height=\"703\" data-id=\"336\" src=\"https:\/\/www.petako.cz\/wp-content\/uploads\/2024\/05\/348.jpg\" alt=\"\" class=\"wp-image-336\" srcset=\"https:\/\/www.petako.cz\/wp-content\/uploads\/2024\/05\/348.jpg 534w, https:\/\/www.petako.cz\/wp-content\/uploads\/2024\/05\/348-228x300.jpg 228w\" sizes=\"auto, (max-width: 534px) 100vw, 534px\" \/><\/a><\/figure>\n\n\n\n<figure class=\"wp-block-image size-large\"><a href=\"https:\/\/www.petako.cz\/wp-content\/uploads\/2024\/05\/349.jpg\" target=\"_blank\" rel=\"noopener\"><img loading=\"lazy\" decoding=\"async\" width=\"623\" height=\"875\" data-id=\"337\" src=\"https:\/\/www.petako.cz\/wp-content\/uploads\/2024\/05\/349.jpg\" alt=\"\" class=\"wp-image-337\" srcset=\"https:\/\/www.petako.cz\/wp-content\/uploads\/2024\/05\/349.jpg 623w, https:\/\/www.petako.cz\/wp-content\/uploads\/2024\/05\/349-214x300.jpg 214w\" sizes=\"auto, (max-width: 623px) 100vw, 623px\" \/><\/a><\/figure>\n<\/figure>\n\n\n\n<p class=\"has-text-align-right\"><a href=\"https:\/\/www.petako.cz\/index.php\/kuchyne-kuchynske-linky-a-kouty-klasicke-masivni\/\">Zp\u011bt<\/a><\/p>\n","protected":false},"excerpt":{"rendered":"<p>Stylov\u00e1 kuchyn\u011b s masivn\u00edmi dv\u00ed\u0159ky jasan p\u0159\u00edrodn\u00ed s ozdobn\u00fdmi \u0159\u00edmsami s bodovkami (LED) a mal\u00fdmi bukov\u00fdmi \u0161upl\u00ed\u010dky. Pou\u017eit\u00fd d\u0159ez styl granit b\u00e9\u017eov\u00e1 SINKS. Zp\u011bt<\/p>\n","protected":false},"author":1,"featured_media":0,"parent":0,"menu_order":0,"comment_status":"closed","ping_status":"closed","template":"","meta":{"footnotes":""},"class_list":["post-334","page","type-page","status-publish","hentry"],"_links":{"self":[{"href":"https:\/\/www.petako.cz\/index.php\/wp-json\/wp\/v2\/pages\/334","targetHints":{"allow":["GET"]}}],"collection":[{"href":"https:\/\/www.petako.cz\/index.php\/wp-json\/wp\/v2\/pages"}],"about":[{"href":"https:\/\/www.petako.cz\/index.php\/wp-json\/wp\/v2\/types\/page"}],"author":[{"embeddable":true,"href":"https:\/\/www.petako.cz\/index.php\/wp-json\/wp\/v2\/users\/1"}],"replies":[{"embeddable":true,"href":"https:\/\/www.petako.cz\/index.php\/wp-json\/wp\/v2\/comments?post=334"}],"version-history":[{"count":2,"href":"https:\/\/www.petako.cz\/index.php\/wp-json\/wp\/v2\/pages\/334\/revisions"}],"predecessor-version":[{"id":564,"href":"https:\/\/www.petako.cz\/index.php\/wp-json\/wp\/v2\/pages\/334\/revisions\/564"}],"wp:attachment":[{"href":"https:\/\/www.petako.cz\/index.php\/wp-json\/wp\/v2\/media?parent=334"}],"curies":[{"name":"wp","href":"https:\/\/api.w.org\/{rel}","templated":true}]}}