{"id":341,"date":"2024-05-06T09:34:33","date_gmt":"2024-05-06T07:34:33","guid":{"rendered":"https:\/\/www.petako.cz\/?page_id=341"},"modified":"2024-05-07T19:20:34","modified_gmt":"2024-05-07T17:20:34","slug":"moderni-kuchynska-linka-bila-a-seda","status":"publish","type":"page","link":"https:\/\/www.petako.cz\/index.php\/moderni-kuchynska-linka-bila-a-seda\/","title":{"rendered":"Modern\u00ed kuchy\u0148sk\u00e1 linka b\u00edl\u00e1 a \u0161ed\u00e1"},"content":{"rendered":"\n<p>Modern\u00ed kuchy\u0148sk\u00e1 linka b\u00edl\u00e1 s MDF dv\u00ed\u0159ky v proveden\u00ed MAT b\u00edl\u00e1 a \u0161ed\u00e1 s fr\u00e9zovan\u00fdmi \u00fachytkami ve dv\u00ed\u0159k\u00e1ch. Sokl v proveden\u00ed hlin\u00edk, LED osv\u011btlen\u00ed, d\u0159ez TEKA -sklo s kombinac\u00ed nerez dopl\u0148ky a spot\u0159ebi\u010di.<\/p>\n\n\n\n<div style=\"height:20px\" aria-hidden=\"true\" class=\"wp-block-spacer\"><\/div>\n\n\n\n<figure class=\"wp-block-gallery has-nested-images columns-default is-cropped wp-block-gallery-1 is-layout-flex wp-block-gallery-is-layout-flex\">\n<figure class=\"wp-block-image size-large\"><a href=\"https:\/\/www.petako.cz\/wp-content\/uploads\/2024\/05\/166.jpg\" target=\"_blank\" rel=\"noopener\"><img loading=\"lazy\" decoding=\"async\" width=\"1024\" height=\"595\" data-id=\"342\" src=\"https:\/\/www.petako.cz\/wp-content\/uploads\/2024\/05\/166-1024x595.jpg\" alt=\"\" class=\"wp-image-342\" srcset=\"https:\/\/www.petako.cz\/wp-content\/uploads\/2024\/05\/166-1024x595.jpg 1024w, https:\/\/www.petako.cz\/wp-content\/uploads\/2024\/05\/166-300x174.jpg 300w, https:\/\/www.petako.cz\/wp-content\/uploads\/2024\/05\/166-768x446.jpg 768w, https:\/\/www.petako.cz\/wp-content\/uploads\/2024\/05\/166.jpg 1500w\" sizes=\"auto, (max-width: 1024px) 100vw, 1024px\" \/><\/a><\/figure>\n\n\n\n<figure class=\"wp-block-image size-large\"><a href=\"https:\/\/www.petako.cz\/wp-content\/uploads\/2024\/05\/167.jpg\" target=\"_blank\" rel=\"noopener\"><img loading=\"lazy\" decoding=\"async\" width=\"1024\" height=\"599\" data-id=\"343\" src=\"https:\/\/www.petako.cz\/wp-content\/uploads\/2024\/05\/167-1024x599.jpg\" alt=\"\" class=\"wp-image-343\" srcset=\"https:\/\/www.petako.cz\/wp-content\/uploads\/2024\/05\/167-1024x599.jpg 1024w, https:\/\/www.petako.cz\/wp-content\/uploads\/2024\/05\/167-300x175.jpg 300w, https:\/\/www.petako.cz\/wp-content\/uploads\/2024\/05\/167-768x449.jpg 768w, https:\/\/www.petako.cz\/wp-content\/uploads\/2024\/05\/167.jpg 1500w\" sizes=\"auto, (max-width: 1024px) 100vw, 1024px\" \/><\/a><\/figure>\n<\/figure>\n\n\n\n<div style=\"height:30px\" aria-hidden=\"true\" class=\"wp-block-spacer\"><\/div>\n\n\n\n<p class=\"has-text-align-right\"><a href=\"https:\/\/www.petako.cz\/index.php\/kuchyne-kuchynske-linky-a-kouty-ultramoderni\/\">Zp\u011bt<\/a><\/p>\n","protected":false},"excerpt":{"rendered":"<p>Modern\u00ed kuchy\u0148sk\u00e1 linka b\u00edl\u00e1 s MDF dv\u00ed\u0159ky v proveden\u00ed MAT b\u00edl\u00e1 a \u0161ed\u00e1 s fr\u00e9zovan\u00fdmi \u00fachytkami ve dv\u00ed\u0159k\u00e1ch. Sokl v proveden\u00ed hlin\u00edk, LED osv\u011btlen\u00ed, d\u0159ez TEKA -sklo s kombinac\u00ed nerez dopl\u0148ky a spot\u0159ebi\u010di. Zp\u011bt<\/p>\n","protected":false},"author":1,"featured_media":0,"parent":0,"menu_order":0,"comment_status":"closed","ping_status":"closed","template":"","meta":{"footnotes":""},"class_list":["post-341","page","type-page","status-publish","hentry"],"_links":{"self":[{"href":"https:\/\/www.petako.cz\/index.php\/wp-json\/wp\/v2\/pages\/341","targetHints":{"allow":["GET"]}}],"collection":[{"href":"https:\/\/www.petako.cz\/index.php\/wp-json\/wp\/v2\/pages"}],"about":[{"href":"https:\/\/www.petako.cz\/index.php\/wp-json\/wp\/v2\/types\/page"}],"author":[{"embeddable":true,"href":"https:\/\/www.petako.cz\/index.php\/wp-json\/wp\/v2\/users\/1"}],"replies":[{"embeddable":true,"href":"https:\/\/www.petako.cz\/index.php\/wp-json\/wp\/v2\/comments?post=341"}],"version-history":[{"count":2,"href":"https:\/\/www.petako.cz\/index.php\/wp-json\/wp\/v2\/pages\/341\/revisions"}],"predecessor-version":[{"id":571,"href":"https:\/\/www.petako.cz\/index.php\/wp-json\/wp\/v2\/pages\/341\/revisions\/571"}],"wp:attachment":[{"href":"https:\/\/www.petako.cz\/index.php\/wp-json\/wp\/v2\/media?parent=341"}],"curies":[{"name":"wp","href":"https:\/\/api.w.org\/{rel}","templated":true}]}}