{"id":390,"date":"2024-05-06T16:20:45","date_gmt":"2024-05-06T14:20:45","guid":{"rendered":"https:\/\/www.petako.cz\/?page_id=390"},"modified":"2024-05-07T19:31:08","modified_gmt":"2024-05-07T17:31:08","slug":"kuchyn-kombinace-strikana-matna-bila-a-orech-svetly","status":"publish","type":"page","link":"https:\/\/www.petako.cz\/index.php\/kuchyn-kombinace-strikana-matna-bila-a-orech-svetly\/","title":{"rendered":"Kuchy\u0148 kombinace st\u0159\u00edkan\u00e1 matn\u00e1 b\u00edl\u00e1 a o\u0159ech sv\u011btl\u00fd"},"content":{"rendered":"\n<p>Kuchy\u0148 MDF st\u0159\u00edkan\u00e1 matn\u00e1 b\u00edl\u00e1, pracovn\u00ed a zadn\u00ed deska o\u0159ech sv\u011btl\u00fd. LED osv\u011btlen\u00ed pod horn\u00edmi sk\u0159\u00ednkami, d\u0159ez Sinks nerez s odkapem, z\u00e1pustn\u00e9 \u00fachyty Sophia nerez.<\/p>\n\n\n\n<div style=\"height:20px\" aria-hidden=\"true\" class=\"wp-block-spacer\"><\/div>\n\n\n\n<figure class=\"wp-block-gallery has-nested-images columns-default is-cropped wp-block-gallery-1 is-layout-flex wp-block-gallery-is-layout-flex\">\n<figure class=\"wp-block-image size-large\"><a href=\"https:\/\/www.petako.cz\/wp-content\/uploads\/2024\/05\/164.jpg\" target=\"_blank\" rel=\"noopener\"><img loading=\"lazy\" decoding=\"async\" width=\"558\" height=\"787\" data-id=\"393\" src=\"https:\/\/www.petako.cz\/wp-content\/uploads\/2024\/05\/164.jpg\" alt=\"\" class=\"wp-image-393\" srcset=\"https:\/\/www.petako.cz\/wp-content\/uploads\/2024\/05\/164.jpg 558w, https:\/\/www.petako.cz\/wp-content\/uploads\/2024\/05\/164-213x300.jpg 213w\" sizes=\"auto, (max-width: 558px) 100vw, 558px\" \/><\/a><\/figure>\n\n\n\n<figure class=\"wp-block-image size-large\"><a href=\"https:\/\/www.petako.cz\/wp-content\/uploads\/2024\/05\/162a.jpg\" target=\"_blank\" rel=\"noopener\"><img loading=\"lazy\" decoding=\"async\" width=\"1024\" height=\"825\" data-id=\"392\" src=\"https:\/\/www.petako.cz\/wp-content\/uploads\/2024\/05\/162a-1024x825.jpg\" alt=\"\" class=\"wp-image-392\" srcset=\"https:\/\/www.petako.cz\/wp-content\/uploads\/2024\/05\/162a-1024x825.jpg 1024w, https:\/\/www.petako.cz\/wp-content\/uploads\/2024\/05\/162a-300x242.jpg 300w, https:\/\/www.petako.cz\/wp-content\/uploads\/2024\/05\/162a-768x618.jpg 768w, https:\/\/www.petako.cz\/wp-content\/uploads\/2024\/05\/162a.jpg 1500w\" sizes=\"auto, (max-width: 1024px) 100vw, 1024px\" \/><\/a><\/figure>\n\n\n\n<figure class=\"wp-block-image size-large\"><a href=\"https:\/\/www.petako.cz\/wp-content\/uploads\/2024\/05\/162.jpg\" target=\"_blank\" rel=\"noopener\"><img loading=\"lazy\" decoding=\"async\" width=\"551\" height=\"842\" data-id=\"391\" src=\"https:\/\/www.petako.cz\/wp-content\/uploads\/2024\/05\/162.jpg\" alt=\"\" class=\"wp-image-391\" srcset=\"https:\/\/www.petako.cz\/wp-content\/uploads\/2024\/05\/162.jpg 551w, https:\/\/www.petako.cz\/wp-content\/uploads\/2024\/05\/162-196x300.jpg 196w\" sizes=\"auto, (max-width: 551px) 100vw, 551px\" \/><\/a><\/figure>\n<\/figure>\n\n\n\n<div style=\"height:30px\" aria-hidden=\"true\" class=\"wp-block-spacer\"><\/div>\n\n\n\n<p class=\"has-text-align-right\"><a href=\"https:\/\/www.petako.cz\/index.php\/kuchyne-kuchynske-linky-a-kouty-ultramoderni\/\">Zp\u011bt<\/a><\/p>\n","protected":false},"excerpt":{"rendered":"<p>Kuchy\u0148 MDF st\u0159\u00edkan\u00e1 matn\u00e1 b\u00edl\u00e1, pracovn\u00ed a zadn\u00ed deska o\u0159ech sv\u011btl\u00fd. LED osv\u011btlen\u00ed pod horn\u00edmi sk\u0159\u00ednkami, d\u0159ez Sinks nerez s odkapem, z\u00e1pustn\u00e9 \u00fachyty Sophia nerez. Zp\u011bt<\/p>\n","protected":false},"author":1,"featured_media":0,"parent":0,"menu_order":0,"comment_status":"closed","ping_status":"closed","template":"","meta":{"footnotes":""},"class_list":["post-390","page","type-page","status-publish","hentry"],"_links":{"self":[{"href":"https:\/\/www.petako.cz\/index.php\/wp-json\/wp\/v2\/pages\/390","targetHints":{"allow":["GET"]}}],"collection":[{"href":"https:\/\/www.petako.cz\/index.php\/wp-json\/wp\/v2\/pages"}],"about":[{"href":"https:\/\/www.petako.cz\/index.php\/wp-json\/wp\/v2\/types\/page"}],"author":[{"embeddable":true,"href":"https:\/\/www.petako.cz\/index.php\/wp-json\/wp\/v2\/users\/1"}],"replies":[{"embeddable":true,"href":"https:\/\/www.petako.cz\/index.php\/wp-json\/wp\/v2\/comments?post=390"}],"version-history":[{"count":2,"href":"https:\/\/www.petako.cz\/index.php\/wp-json\/wp\/v2\/pages\/390\/revisions"}],"predecessor-version":[{"id":580,"href":"https:\/\/www.petako.cz\/index.php\/wp-json\/wp\/v2\/pages\/390\/revisions\/580"}],"wp:attachment":[{"href":"https:\/\/www.petako.cz\/index.php\/wp-json\/wp\/v2\/media?parent=390"}],"curies":[{"name":"wp","href":"https:\/\/api.w.org\/{rel}","templated":true}]}}