{"id":551,"date":"2024-05-07T18:37:54","date_gmt":"2024-05-07T16:37:54","guid":{"rendered":"https:\/\/www.petako.cz\/?page_id=551"},"modified":"2024-05-07T19:16:14","modified_gmt":"2024-05-07T17:16:14","slug":"kuchyne-kuchynske-linky-a-kouty-stylove","status":"publish","type":"page","link":"https:\/\/www.petako.cz\/index.php\/kuchyne-kuchynske-linky-a-kouty-stylove\/","title":{"rendered":"Kuchyn\u011b, kuchy\u0148sk\u00e9 linky a kouty \u2013 stylov\u00e9"},"content":{"rendered":"\n<p class=\"has-medium-font-size\"><a href=\"https:\/\/www.petako.cz\/index.php\/kuchyn-kombinace-orech-a-matna-bezova\/\">Kuchy\u0148 kombinace o\u0159ech a matn\u00e1 b\u00e9\u017eov\u00e1<\/a><\/p>\n\n\n\n<p class=\"has-medium-font-size\"><a href=\"https:\/\/www.petako.cz\/index.php\/kuchynska-linka-v-panelovem-dome-rohova\/\">Kuchy\u0148sk\u00e1 linka v panelov\u00e9m dom\u011b rohov\u00e1<\/a><\/p>\n\n\n\n<p class=\"has-medium-font-size\"><a href=\"https:\/\/www.petako.cz\/index.php\/kuchynska-linka-provedeni-dub-s-lesklou-bilou-2\/\">Kuchy\u0148sk\u00e1 linka proveden\u00ed dub s lesklou b\u00edlou<\/a><\/p>\n\n\n\n<p class=\"has-medium-font-size\"><a href=\"https:\/\/www.petako.cz\/index.php\/kuchynska-linka-orech-s-bezovou\/\">Kuchy\u0148sk\u00e1 linka o\u0159ech s b\u00e9\u017eovou<\/a><\/p>\n\n\n\n<p class=\"has-medium-font-size\"><a href=\"https:\/\/www.petako.cz\/index.php\/kuchynska-linka-v-panelovem-dome\/\">Kuchy\u0148sk\u00e1 linka v panelov\u00e9m dom\u011b<\/a><\/p>\n\n\n\n<p class=\"has-medium-font-size\"><a href=\"https:\/\/www.petako.cz\/index.php\/kuchyne-v-panelovem-dome-bila\/\">Kuchyn\u011b v panelov\u00e9m dom\u011b b\u00edl\u00e1<\/a><\/p>\n\n\n\n<p class=\"has-medium-font-size\"><a href=\"https:\/\/www.petako.cz\/index.php\/kuchynska-linka-prostorove-usporna\/\">Kuchy\u0148sk\u00e1 linka prostorov\u011b \u00fasporn\u00e1<\/a><\/p>\n\n\n\n<div style=\"height:60px\" aria-hidden=\"true\" class=\"wp-block-spacer\"><\/div>\n\n\n\n<p class=\"has-text-align-right\"><a href=\"https:\/\/www.petako.cz\/index.php\/kuchynske-linky\/\">Zp\u011bt<\/a><\/p>\n","protected":false},"excerpt":{"rendered":"<p>Kuchy\u0148 kombinace o\u0159ech a matn\u00e1 b\u00e9\u017eov\u00e1 Kuchy\u0148sk\u00e1 linka v panelov\u00e9m dom\u011b rohov\u00e1 Kuchy\u0148sk\u00e1 linka proveden\u00ed dub s lesklou b\u00edlou Kuchy\u0148sk\u00e1 linka o\u0159ech s b\u00e9\u017eovou Kuchy\u0148sk\u00e1 linka v panelov\u00e9m dom\u011b Kuchyn\u011b v panelov\u00e9m dom\u011b b\u00edl\u00e1 Kuchy\u0148sk\u00e1 linka prostorov\u011b \u00fasporn\u00e1 Zp\u011bt<\/p>\n","protected":false},"author":1,"featured_media":0,"parent":0,"menu_order":0,"comment_status":"closed","ping_status":"closed","template":"","meta":{"footnotes":""},"class_list":["post-551","page","type-page","status-publish","hentry"],"_links":{"self":[{"href":"https:\/\/www.petako.cz\/index.php\/wp-json\/wp\/v2\/pages\/551","targetHints":{"allow":["GET"]}}],"collection":[{"href":"https:\/\/www.petako.cz\/index.php\/wp-json\/wp\/v2\/pages"}],"about":[{"href":"https:\/\/www.petako.cz\/index.php\/wp-json\/wp\/v2\/types\/page"}],"author":[{"embeddable":true,"href":"https:\/\/www.petako.cz\/index.php\/wp-json\/wp\/v2\/users\/1"}],"replies":[{"embeddable":true,"href":"https:\/\/www.petako.cz\/index.php\/wp-json\/wp\/v2\/comments?post=551"}],"version-history":[{"count":2,"href":"https:\/\/www.petako.cz\/index.php\/wp-json\/wp\/v2\/pages\/551\/revisions"}],"predecessor-version":[{"id":569,"href":"https:\/\/www.petako.cz\/index.php\/wp-json\/wp\/v2\/pages\/551\/revisions\/569"}],"wp:attachment":[{"href":"https:\/\/www.petako.cz\/index.php\/wp-json\/wp\/v2\/media?parent=551"}],"curies":[{"name":"wp","href":"https:\/\/api.w.org\/{rel}","templated":true}]}}