{"id":620,"date":"2024-06-18T08:00:40","date_gmt":"2024-06-18T06:00:40","guid":{"rendered":"https:\/\/www.petako.cz\/?page_id=620"},"modified":"2024-06-18T08:05:40","modified_gmt":"2024-06-18T06:05:40","slug":"vestavna-satni-skrin-pod-schodistem","status":"publish","type":"page","link":"https:\/\/www.petako.cz\/index.php\/vestavna-satni-skrin-pod-schodistem\/","title":{"rendered":"Vestavn\u00e1 \u0161atn\u00ed sk\u0159\u00ed\u0148 pod schodi\u0161t\u011bm"},"content":{"rendered":"\n<p>Praktick\u00e9 vyu\u017eit\u00ed prostoru pod schody um\u00edst\u011bn\u00edm vestavn\u00e9 \u0161atn\u00ed sk\u0159\u00edn\u011b s otev\u0159en\u00fdmi nikami i samostatn\u00e1 vestavn\u00e1 sk\u0159\u00ed\u0148 a zav\u011b\u0161en\u00fd stolek. Materi\u00e1l MDF b\u00edl\u00e1 matn\u00e1 s pod\u00e9ln\u00fdmi \u010dern\u00fdmi \u00fachytkami a vnit\u0159n\u00ed uspo\u0159\u00e1d\u00e1n\u00ed police i \u0161atn\u00ed ty\u010d v\u00fdsuvn\u00e1.<\/p>\n\n\n\n<div style=\"height:30px\" aria-hidden=\"true\" class=\"wp-block-spacer\"><\/div>\n\n\n\n<figure class=\"wp-block-gallery has-nested-images columns-4 is-cropped wp-block-gallery-1 is-layout-flex wp-block-gallery-is-layout-flex\">\n<figure data-wp-context=\"{&quot;imageId&quot;:&quot;69f62910144f2&quot;}\" data-wp-interactive=\"core\/image\" data-wp-key=\"69f62910144f2\" class=\"wp-block-image size-large wp-lightbox-container\"><img loading=\"lazy\" decoding=\"async\" width=\"652\" height=\"1000\" data-wp-class--hide=\"state.isContentHidden\" data-wp-class--show=\"state.isContentVisible\" data-wp-init=\"callbacks.setButtonStyles\" data-wp-on--click=\"actions.showLightbox\" data-wp-on--load=\"callbacks.setButtonStyles\" data-wp-on-window--resize=\"callbacks.setButtonStyles\" data-id=\"621\" src=\"https:\/\/www.petako.cz\/wp-content\/uploads\/2024\/06\/vs_0172.jpg\" alt=\"\" class=\"wp-image-621\" srcset=\"https:\/\/www.petako.cz\/wp-content\/uploads\/2024\/06\/vs_0172.jpg 652w, https:\/\/www.petako.cz\/wp-content\/uploads\/2024\/06\/vs_0172-196x300.jpg 196w\" sizes=\"auto, (max-width: 652px) 100vw, 652px\" \/><button\n\t\t\tclass=\"lightbox-trigger\"\n\t\t\ttype=\"button\"\n\t\t\taria-haspopup=\"dialog\"\n\t\t\taria-label=\"Zv\u011bt\u0161it\"\n\t\t\tdata-wp-init=\"callbacks.initTriggerButton\"\n\t\t\tdata-wp-on--click=\"actions.showLightbox\"\n\t\t\tdata-wp-style--right=\"state.imageButtonRight\"\n\t\t\tdata-wp-style--top=\"state.imageButtonTop\"\n\t\t>\n\t\t\t<svg xmlns=\"http:\/\/www.w3.org\/2000\/svg\" width=\"12\" height=\"12\" fill=\"none\" viewBox=\"0 0 12 12\">\n\t\t\t\t<path fill=\"#fff\" d=\"M2 0a2 2 0 0 0-2 2v2h1.5V2a.5.5 0 0 1 .5-.5h2V0H2Zm2 10.5H2a.5.5 0 0 1-.5-.5V8H0v2a2 2 0 0 0 2 2h2v-1.5ZM8 12v-1.5h2a.5.5 0 0 0 .5-.5V8H12v2a2 2 0 0 1-2 2H8Zm2-12a2 2 0 0 1 2 2v2h-1.5V2a.5.5 0 0 0-.5-.5H8V0h2Z\" \/>\n\t\t\t<\/svg>\n\t\t<\/button><\/figure>\n\n\n\n<figure data-wp-context=\"{&quot;imageId&quot;:&quot;69f6291014a34&quot;}\" data-wp-interactive=\"core\/image\" data-wp-key=\"69f6291014a34\" class=\"wp-block-image size-large wp-lightbox-container\"><img loading=\"lazy\" decoding=\"async\" width=\"752\" height=\"1000\" data-wp-class--hide=\"state.isContentHidden\" data-wp-class--show=\"state.isContentVisible\" data-wp-init=\"callbacks.setButtonStyles\" data-wp-on--click=\"actions.showLightbox\" data-wp-on--load=\"callbacks.setButtonStyles\" data-wp-on-window--resize=\"callbacks.setButtonStyles\" data-id=\"623\" src=\"https:\/\/www.petako.cz\/wp-content\/uploads\/2024\/06\/vs_0173.jpg\" alt=\"\" class=\"wp-image-623\" srcset=\"https:\/\/www.petako.cz\/wp-content\/uploads\/2024\/06\/vs_0173.jpg 752w, https:\/\/www.petako.cz\/wp-content\/uploads\/2024\/06\/vs_0173-226x300.jpg 226w\" sizes=\"auto, (max-width: 752px) 100vw, 752px\" \/><button\n\t\t\tclass=\"lightbox-trigger\"\n\t\t\ttype=\"button\"\n\t\t\taria-haspopup=\"dialog\"\n\t\t\taria-label=\"Zv\u011bt\u0161it\"\n\t\t\tdata-wp-init=\"callbacks.initTriggerButton\"\n\t\t\tdata-wp-on--click=\"actions.showLightbox\"\n\t\t\tdata-wp-style--right=\"state.imageButtonRight\"\n\t\t\tdata-wp-style--top=\"state.imageButtonTop\"\n\t\t>\n\t\t\t<svg xmlns=\"http:\/\/www.w3.org\/2000\/svg\" width=\"12\" height=\"12\" fill=\"none\" viewBox=\"0 0 12 12\">\n\t\t\t\t<path fill=\"#fff\" d=\"M2 0a2 2 0 0 0-2 2v2h1.5V2a.5.5 0 0 1 .5-.5h2V0H2Zm2 10.5H2a.5.5 0 0 1-.5-.5V8H0v2a2 2 0 0 0 2 2h2v-1.5ZM8 12v-1.5h2a.5.5 0 0 0 .5-.5V8H12v2a2 2 0 0 1-2 2H8Zm2-12a2 2 0 0 1 2 2v2h-1.5V2a.5.5 0 0 0-.5-.5H8V0h2Z\" \/>\n\t\t\t<\/svg>\n\t\t<\/button><\/figure>\n\n\n\n<figure data-wp-context=\"{&quot;imageId&quot;:&quot;69f6291014e4e&quot;}\" data-wp-interactive=\"core\/image\" data-wp-key=\"69f6291014e4e\" class=\"wp-block-image size-large wp-lightbox-container\"><img loading=\"lazy\" decoding=\"async\" width=\"738\" height=\"1000\" data-wp-class--hide=\"state.isContentHidden\" data-wp-class--show=\"state.isContentVisible\" data-wp-init=\"callbacks.setButtonStyles\" data-wp-on--click=\"actions.showLightbox\" data-wp-on--load=\"callbacks.setButtonStyles\" data-wp-on-window--resize=\"callbacks.setButtonStyles\" data-id=\"622\" src=\"https:\/\/www.petako.cz\/wp-content\/uploads\/2024\/06\/vs_0171.jpg\" alt=\"\" class=\"wp-image-622\" srcset=\"https:\/\/www.petako.cz\/wp-content\/uploads\/2024\/06\/vs_0171.jpg 738w, https:\/\/www.petako.cz\/wp-content\/uploads\/2024\/06\/vs_0171-221x300.jpg 221w\" sizes=\"auto, (max-width: 738px) 100vw, 738px\" \/><button\n\t\t\tclass=\"lightbox-trigger\"\n\t\t\ttype=\"button\"\n\t\t\taria-haspopup=\"dialog\"\n\t\t\taria-label=\"Zv\u011bt\u0161it\"\n\t\t\tdata-wp-init=\"callbacks.initTriggerButton\"\n\t\t\tdata-wp-on--click=\"actions.showLightbox\"\n\t\t\tdata-wp-style--right=\"state.imageButtonRight\"\n\t\t\tdata-wp-style--top=\"state.imageButtonTop\"\n\t\t>\n\t\t\t<svg xmlns=\"http:\/\/www.w3.org\/2000\/svg\" width=\"12\" height=\"12\" fill=\"none\" viewBox=\"0 0 12 12\">\n\t\t\t\t<path fill=\"#fff\" d=\"M2 0a2 2 0 0 0-2 2v2h1.5V2a.5.5 0 0 1 .5-.5h2V0H2Zm2 10.5H2a.5.5 0 0 1-.5-.5V8H0v2a2 2 0 0 0 2 2h2v-1.5ZM8 12v-1.5h2a.5.5 0 0 0 .5-.5V8H12v2a2 2 0 0 1-2 2H8Zm2-12a2 2 0 0 1 2 2v2h-1.5V2a.5.5 0 0 0-.5-.5H8V0h2Z\" \/>\n\t\t\t<\/svg>\n\t\t<\/button><\/figure>\n\n\n\n<figure data-wp-context=\"{&quot;imageId&quot;:&quot;69f6291015244&quot;}\" data-wp-interactive=\"core\/image\" data-wp-key=\"69f6291015244\" class=\"wp-block-image size-large wp-lightbox-container\"><img loading=\"lazy\" decoding=\"async\" width=\"726\" height=\"1000\" data-wp-class--hide=\"state.isContentHidden\" data-wp-class--show=\"state.isContentVisible\" data-wp-init=\"callbacks.setButtonStyles\" data-wp-on--click=\"actions.showLightbox\" data-wp-on--load=\"callbacks.setButtonStyles\" data-wp-on-window--resize=\"callbacks.setButtonStyles\" data-id=\"624\" src=\"https:\/\/www.petako.cz\/wp-content\/uploads\/2024\/06\/vs_0174.jpg\" alt=\"\" class=\"wp-image-624\" srcset=\"https:\/\/www.petako.cz\/wp-content\/uploads\/2024\/06\/vs_0174.jpg 726w, https:\/\/www.petako.cz\/wp-content\/uploads\/2024\/06\/vs_0174-218x300.jpg 218w\" sizes=\"auto, (max-width: 726px) 100vw, 726px\" \/><button\n\t\t\tclass=\"lightbox-trigger\"\n\t\t\ttype=\"button\"\n\t\t\taria-haspopup=\"dialog\"\n\t\t\taria-label=\"Zv\u011bt\u0161it\"\n\t\t\tdata-wp-init=\"callbacks.initTriggerButton\"\n\t\t\tdata-wp-on--click=\"actions.showLightbox\"\n\t\t\tdata-wp-style--right=\"state.imageButtonRight\"\n\t\t\tdata-wp-style--top=\"state.imageButtonTop\"\n\t\t>\n\t\t\t<svg xmlns=\"http:\/\/www.w3.org\/2000\/svg\" width=\"12\" height=\"12\" fill=\"none\" viewBox=\"0 0 12 12\">\n\t\t\t\t<path fill=\"#fff\" d=\"M2 0a2 2 0 0 0-2 2v2h1.5V2a.5.5 0 0 1 .5-.5h2V0H2Zm2 10.5H2a.5.5 0 0 1-.5-.5V8H0v2a2 2 0 0 0 2 2h2v-1.5ZM8 12v-1.5h2a.5.5 0 0 0 .5-.5V8H12v2a2 2 0 0 1-2 2H8Zm2-12a2 2 0 0 1 2 2v2h-1.5V2a.5.5 0 0 0-.5-.5H8V0h2Z\" \/>\n\t\t\t<\/svg>\n\t\t<\/button><\/figure>\n<\/figure>\n","protected":false},"excerpt":{"rendered":"<p>Praktick\u00e9 vyu\u017eit\u00ed prostoru pod schody um\u00edst\u011bn\u00edm vestavn\u00e9 \u0161atn\u00ed sk\u0159\u00edn\u011b s otev\u0159en\u00fdmi nikami i samostatn\u00e1 vestavn\u00e1 sk\u0159\u00ed\u0148 a zav\u011b\u0161en\u00fd stolek. Materi\u00e1l MDF b\u00edl\u00e1 matn\u00e1 s pod\u00e9ln\u00fdmi \u010dern\u00fdmi \u00fachytkami a vnit\u0159n\u00ed uspo\u0159\u00e1d\u00e1n\u00ed police i \u0161atn\u00ed ty\u010d v\u00fdsuvn\u00e1.<\/p>\n","protected":false},"author":1,"featured_media":0,"parent":0,"menu_order":0,"comment_status":"closed","ping_status":"closed","template":"","meta":{"footnotes":""},"class_list":["post-620","page","type-page","status-publish","hentry"],"_links":{"self":[{"href":"https:\/\/www.petako.cz\/index.php\/wp-json\/wp\/v2\/pages\/620","targetHints":{"allow":["GET"]}}],"collection":[{"href":"https:\/\/www.petako.cz\/index.php\/wp-json\/wp\/v2\/pages"}],"about":[{"href":"https:\/\/www.petako.cz\/index.php\/wp-json\/wp\/v2\/types\/page"}],"author":[{"embeddable":true,"href":"https:\/\/www.petako.cz\/index.php\/wp-json\/wp\/v2\/users\/1"}],"replies":[{"embeddable":true,"href":"https:\/\/www.petako.cz\/index.php\/wp-json\/wp\/v2\/comments?post=620"}],"version-history":[{"count":2,"href":"https:\/\/www.petako.cz\/index.php\/wp-json\/wp\/v2\/pages\/620\/revisions"}],"predecessor-version":[{"id":628,"href":"https:\/\/www.petako.cz\/index.php\/wp-json\/wp\/v2\/pages\/620\/revisions\/628"}],"wp:attachment":[{"href":"https:\/\/www.petako.cz\/index.php\/wp-json\/wp\/v2\/media?parent=620"}],"curies":[{"name":"wp","href":"https:\/\/api.w.org\/{rel}","templated":true}]}}