{"id":68,"date":"2024-01-05T21:14:52","date_gmt":"2024-01-05T20:14:52","guid":{"rendered":"https:\/\/www.petako.cz\/?page_id=68"},"modified":"2024-05-08T14:01:14","modified_gmt":"2024-05-08T12:01:14","slug":"o-nas","status":"publish","type":"page","link":"https:\/\/www.petako.cz\/","title":{"rendered":"O n\u00e1s"},"content":{"rendered":"\n<h2 class=\"wp-block-heading\">O na\u0161\u00ed firm\u011b &#8230;.<\/h2>\n\n\n\n<div class=\"wp-block-group is-content-justification-space-between is-nowrap is-layout-flex wp-container-core-group-is-layout-0dfbf163 wp-block-group-is-layout-flex\">\n<p>Firma byla zalo\u017eena v roce 1997 p\u0159erodem z ji\u017e zaveden\u00e9 \u017eivnosti jednatele firmy a ji\u017e od sv\u00e9ho po\u010d\u00e1tku se zab\u00fdv\u00e1 realizac\u00ed interi\u00e9r\u016f i exteri\u00e9r\u016f. Disponujeme vlastn\u00ed v\u00fdrobou i vyu\u017e\u00edv\u00e1me pro specializovan\u00e9 technologick\u00e9 operace kooperaci se specializovan\u00fdmi v\u00fdrobci i dodavateli. Umo\u017e\u0148uje to na\u0161im z\u00e1kazn\u00edk\u016fm komplexn\u00ed dod\u00e1vku technologicky n\u00e1ro\u010dn\u00fdch interi\u00e9r\u016f i exteri\u00e9r\u016f pro vysoce n\u00e1ro\u010dn\u00e9 z\u00e1kazn\u00edky. Spolupracujeme s dodavateli kuchy\u0148sk\u00fdch spot\u0159ebi\u010d\u016f, vzduchotechniky, osv\u011btlovac\u00ed techniky a jin\u00fdch technologi\u00ed spojen\u00fdch s vodou, odpady i vyt\u00e1p\u011bn\u00edm.<\/p>\n\n\n\n<figure class=\"wp-block-image size-full is-resized is-style-default\"><img loading=\"lazy\" decoding=\"async\" width=\"512\" height=\"256\" src=\"https:\/\/www.petako.cz\/wp-content\/uploads\/2024\/05\/Logo_obdelnik_kmen_nove_2024_velke_profil_drevo.jpg\" alt=\"\" class=\"wp-image-449\" style=\"width:500px\" srcset=\"https:\/\/www.petako.cz\/wp-content\/uploads\/2024\/05\/Logo_obdelnik_kmen_nove_2024_velke_profil_drevo.jpg 512w, https:\/\/www.petako.cz\/wp-content\/uploads\/2024\/05\/Logo_obdelnik_kmen_nove_2024_velke_profil_drevo-300x150.jpg 300w\" sizes=\"auto, (max-width: 512px) 100vw, 512px\" \/><\/figure>\n<\/div>\n\n\n\n<div style=\"height:30px\" aria-hidden=\"true\" class=\"wp-block-spacer\"><\/div>\n\n\n\n<figure class=\"wp-block-gallery has-nested-images columns-default is-cropped wp-block-gallery-1 is-layout-flex wp-block-gallery-is-layout-flex\">\n<figure class=\"wp-block-image size-large\"><img loading=\"lazy\" decoding=\"async\" width=\"1024\" height=\"624\" data-id=\"69\" src=\"https:\/\/www.petako.cz\/wp-content\/uploads\/2024\/01\/358-1024x624.jpg\" alt=\"\" class=\"wp-image-69\" srcset=\"https:\/\/www.petako.cz\/wp-content\/uploads\/2024\/01\/358-1024x624.jpg 1024w, https:\/\/www.petako.cz\/wp-content\/uploads\/2024\/01\/358-300x183.jpg 300w, https:\/\/www.petako.cz\/wp-content\/uploads\/2024\/01\/358-768x468.jpg 768w, https:\/\/www.petako.cz\/wp-content\/uploads\/2024\/01\/358-1536x936.jpg 1536w, https:\/\/www.petako.cz\/wp-content\/uploads\/2024\/01\/358.jpg 1552w\" sizes=\"auto, (max-width: 1024px) 100vw, 1024px\" \/><\/figure>\n\n\n\n<figure class=\"wp-block-image size-large\"><img loading=\"lazy\" decoding=\"async\" width=\"691\" height=\"1024\" data-id=\"70\" src=\"https:\/\/www.petako.cz\/wp-content\/uploads\/2024\/01\/2a-691x1024.jpg\" alt=\"\" class=\"wp-image-70\" srcset=\"https:\/\/www.petako.cz\/wp-content\/uploads\/2024\/01\/2a-691x1024.jpg 691w, https:\/\/www.petako.cz\/wp-content\/uploads\/2024\/01\/2a-202x300.jpg 202w, https:\/\/www.petako.cz\/wp-content\/uploads\/2024\/01\/2a-768x1139.jpg 768w, https:\/\/www.petako.cz\/wp-content\/uploads\/2024\/01\/2a-1036x1536.jpg 1036w, https:\/\/www.petako.cz\/wp-content\/uploads\/2024\/01\/2a.jpg 1371w\" sizes=\"auto, (max-width: 691px) 100vw, 691px\" \/><\/figure>\n\n\n\n<figure class=\"wp-block-image size-large\"><img loading=\"lazy\" decoding=\"async\" width=\"1024\" height=\"833\" data-id=\"71\" src=\"https:\/\/www.petako.cz\/wp-content\/uploads\/2024\/01\/356-1024x833.jpg\" alt=\"\" class=\"wp-image-71\" srcset=\"https:\/\/www.petako.cz\/wp-content\/uploads\/2024\/01\/356-1024x833.jpg 1024w, https:\/\/www.petako.cz\/wp-content\/uploads\/2024\/01\/356-300x244.jpg 300w, https:\/\/www.petako.cz\/wp-content\/uploads\/2024\/01\/356-768x625.jpg 768w, https:\/\/www.petako.cz\/wp-content\/uploads\/2024\/01\/356-1536x1249.jpg 1536w, https:\/\/www.petako.cz\/wp-content\/uploads\/2024\/01\/356.jpg 1860w\" sizes=\"auto, (max-width: 1024px) 100vw, 1024px\" \/><\/figure>\n\n\n\n<figure class=\"wp-block-image size-large\"><img loading=\"lazy\" decoding=\"async\" width=\"1024\" height=\"831\" data-id=\"72\" src=\"https:\/\/www.petako.cz\/wp-content\/uploads\/2024\/01\/357-1024x831.jpg\" alt=\"\" class=\"wp-image-72\" srcset=\"https:\/\/www.petako.cz\/wp-content\/uploads\/2024\/01\/357-1024x831.jpg 1024w, https:\/\/www.petako.cz\/wp-content\/uploads\/2024\/01\/357-300x244.jpg 300w, https:\/\/www.petako.cz\/wp-content\/uploads\/2024\/01\/357-768x624.jpg 768w, https:\/\/www.petako.cz\/wp-content\/uploads\/2024\/01\/357-1536x1247.jpg 1536w, https:\/\/www.petako.cz\/wp-content\/uploads\/2024\/01\/357.jpg 1808w\" sizes=\"auto, (max-width: 1024px) 100vw, 1024px\" \/><\/figure>\n<\/figure>\n","protected":false},"excerpt":{"rendered":"<p>O na\u0161\u00ed firm\u011b &#8230;. Firma byla zalo\u017eena v roce 1997 p\u0159erodem z ji\u017e zaveden\u00e9 \u017eivnosti jednatele firmy a ji\u017e od sv\u00e9ho po\u010d\u00e1tku se zab\u00fdv\u00e1 realizac\u00ed interi\u00e9r\u016f i exteri\u00e9r\u016f. Disponujeme vlastn\u00ed v\u00fdrobou i vyu\u017e\u00edv\u00e1me pro specializovan\u00e9 technologick\u00e9 operace kooperaci se specializovan\u00fdmi v\u00fdrobci i dodavateli. Umo\u017e\u0148uje to na\u0161im z\u00e1kazn\u00edk\u016fm komplexn\u00ed dod\u00e1vku technologicky n\u00e1ro\u010dn\u00fdch interi\u00e9r\u016f i exteri\u00e9r\u016f pro &hellip;<br \/><a href=\"https:\/\/www.petako.cz\/\" class=\"more-link pen_button pen_element_default pen_icon_arrow_double\">Pokra\u010dovat ve\u00a0\u010dten\u00ed <span class=\"screen-reader-text\">O n\u00e1s<\/span><\/a><\/p>\n","protected":false},"author":1,"featured_media":0,"parent":0,"menu_order":0,"comment_status":"closed","ping_status":"closed","template":"","meta":{"footnotes":""},"class_list":["post-68","page","type-page","status-publish","hentry"],"_links":{"self":[{"href":"https:\/\/www.petako.cz\/index.php\/wp-json\/wp\/v2\/pages\/68","targetHints":{"allow":["GET"]}}],"collection":[{"href":"https:\/\/www.petako.cz\/index.php\/wp-json\/wp\/v2\/pages"}],"about":[{"href":"https:\/\/www.petako.cz\/index.php\/wp-json\/wp\/v2\/types\/page"}],"author":[{"embeddable":true,"href":"https:\/\/www.petako.cz\/index.php\/wp-json\/wp\/v2\/users\/1"}],"replies":[{"embeddable":true,"href":"https:\/\/www.petako.cz\/index.php\/wp-json\/wp\/v2\/comments?post=68"}],"version-history":[{"count":13,"href":"https:\/\/www.petako.cz\/index.php\/wp-json\/wp\/v2\/pages\/68\/revisions"}],"predecessor-version":[{"id":616,"href":"https:\/\/www.petako.cz\/index.php\/wp-json\/wp\/v2\/pages\/68\/revisions\/616"}],"wp:attachment":[{"href":"https:\/\/www.petako.cz\/index.php\/wp-json\/wp\/v2\/media?parent=68"}],"curies":[{"name":"wp","href":"https:\/\/api.w.org\/{rel}","templated":true}]}}