{"id":81,"date":"2024-01-08T23:13:44","date_gmt":"2024-01-08T22:13:44","guid":{"rendered":"https:\/\/www.petako.cz\/?page_id=81"},"modified":"2024-01-20T20:04:54","modified_gmt":"2024-01-20T19:04:54","slug":"vyrobni-program","status":"publish","type":"page","link":"https:\/\/www.petako.cz\/index.php\/vyrobni-program\/","title":{"rendered":"V\u00fdrobn\u00ed program"},"content":{"rendered":"\n<p>Zak\u00e1zkov\u00e1 v\u00fdroba interi\u00e9r\u016f a exteri\u00e9r\u016f. D\u0159ev\u011bn\u00e9 i v kombinaci s jin\u00fdmi u\u0161lechtil\u00fdmi materi\u00e1ly.<\/p>\n\n\n\n<p>Interi\u00e9ry<\/p>\n\n\n\n<ul class=\"wp-block-list\">\n<li>Kuchyn\u011b a kuchy\u0148sk\u00e9 linky<\/li>\n\n\n\n<li>Ob\u00fdvac\u00ed pokoje &#8211; ob\u00fdvac\u00ed st\u011bny, sk\u0159\u00edn\u011b, komody, knihovny, stoly a stolky<\/li>\n\n\n\n<li>Lo\u017enice &#8211; vestav\u011bn\u00e9 st\u011bny, postele a ro\u0161ty, no\u010dn\u00ed stolky <\/li>\n\n\n\n<li>D\u011btsk\u00e9 pokoje<\/li>\n\n\n\n<li>Pracovny<\/li>\n\n\n\n<li>Koupelny<\/li>\n<\/ul>\n\n\n\n<ul class=\"wp-block-list\">\n<li>Dve\u0159e a z\u00e1rubn\u011b, okna<\/li>\n\n\n\n<li>Schody a schodi\u0161t\u011b<\/li>\n\n\n\n<li>Z\u00e1bradl\u00ed<\/li>\n<\/ul>\n\n\n\n<p>Exteri\u00e9ry<\/p>\n\n\n\n<ul class=\"wp-block-list\">\n<li>Terasy<\/li>\n\n\n\n<li>Alt\u00e1ny a pergoly<\/li>\n\n\n\n<li>Mostky a chodn\u00edky<\/li>\n\n\n\n<li>Z\u00e1bradl\u00ed<\/li>\n\n\n\n<li>Dve\u0159e, okna, v\u00fdlohy<\/li>\n<\/ul>\n","protected":false},"excerpt":{"rendered":"<p>Zak\u00e1zkov\u00e1 v\u00fdroba interi\u00e9r\u016f a exteri\u00e9r\u016f. D\u0159ev\u011bn\u00e9 i v kombinaci s jin\u00fdmi u\u0161lechtil\u00fdmi materi\u00e1ly. Interi\u00e9ry Exteri\u00e9ry<\/p>\n","protected":false},"author":2,"featured_media":0,"parent":0,"menu_order":0,"comment_status":"closed","ping_status":"closed","template":"","meta":{"footnotes":""},"class_list":["post-81","page","type-page","status-publish","hentry"],"_links":{"self":[{"href":"https:\/\/www.petako.cz\/index.php\/wp-json\/wp\/v2\/pages\/81","targetHints":{"allow":["GET"]}}],"collection":[{"href":"https:\/\/www.petako.cz\/index.php\/wp-json\/wp\/v2\/pages"}],"about":[{"href":"https:\/\/www.petako.cz\/index.php\/wp-json\/wp\/v2\/types\/page"}],"author":[{"embeddable":true,"href":"https:\/\/www.petako.cz\/index.php\/wp-json\/wp\/v2\/users\/2"}],"replies":[{"embeddable":true,"href":"https:\/\/www.petako.cz\/index.php\/wp-json\/wp\/v2\/comments?post=81"}],"version-history":[{"count":2,"href":"https:\/\/www.petako.cz\/index.php\/wp-json\/wp\/v2\/pages\/81\/revisions"}],"predecessor-version":[{"id":121,"href":"https:\/\/www.petako.cz\/index.php\/wp-json\/wp\/v2\/pages\/81\/revisions\/121"}],"wp:attachment":[{"href":"https:\/\/www.petako.cz\/index.php\/wp-json\/wp\/v2\/media?parent=81"}],"curies":[{"name":"wp","href":"https:\/\/api.w.org\/{rel}","templated":true}]}}